 673
List the prime factors of 129117873.
3, 17, 1249, 2027
What are the prime factors of 233056185?
3, 5, 19, 193, 223
What are the prime factors of 3762845720?
2, 5, 31, 43, 70571
What are the prime factors of 612405144?
2, 3, 13, 17, 12829
List the prime factors of 54242270.
2, 5, 853, 6359
List the prime factors of 307284312.
2, 3, 107, 119659
What are the prime factors of 16617903?
3, 2273, 2437
List the prime factors of 3723232220.
2, 5, 17, 131, 179, 467
What are the prime factors of 487622656?
2, 457, 521
List the prime factors of 5408229266.
2, 11, 14851, 16553
List the prime factors of 591526236.
2, 3, 7, 23, 191, 229
What are the prime factors of 42252917?
7, 463, 13037
What are the prime factors of 70758654?
2, 3, 1367, 8627
What are the prime factors of 52351605?
3, 5, 233, 4993
List the prime factors of 281710394.
2, 7, 23, 197, 4441
List the prime factors of 93417235.
5, 18683447
What are the prime factors of 2778707346?
2, 3, 191, 241, 10061
List the prime factors of 57881717.
57881717
What are the prime factors of 2053878711?
3, 684626237
List the prime factors of 577273299.
3, 192424433
What are the prime factors of 4442165280?
2, 3, 5, 7, 17, 8641
What are the prime factors of 979468166?
2, 463, 1057741
What are the prime factors of 968159040?
2, 3, 5, 1008499
What are the prime factors of 1012419979?
31, 32658709
List the prime factors of 43016939.
7, 6145277
List the prime factors of 1095896169.
3, 40588747
What are the prime factors of 899820558?
2, 3, 7, 13, 42257
What are the prime factors of 541549968?
2, 3, 11282291
List the prime factors of 41947163.
41947163
What are the prime factors of 1490437812?
2, 3, 23, 5400137
What are the prime factors of 369194584?
2, 11, 37, 149, 761
List the prime factors of 999263097.
3, 7, 193, 82183
List the prime factors of 745433755.
5, 11, 13553341
What are the prime factors of 337521215?
5, 37, 103, 17713
List the prime factors of 217833106.
2, 397, 274349
What are the prime factors of 114658277?
114658277
What are the prime factors of 1000590462?
2, 3, 67, 347, 797
What are the prime factors of 104970799?
104970799
What are the prime factors of 25562173?
7, 13, 40129
List the prime factors of 1427135405.
5, 285427081
List the prime factors of 2213394555.
3, 5, 251, 587887
List the prime factors of 12593144.
2, 23, 89, 769
List the prime factors of 854385023.
854385023
What are the prime factors of 205310056?
2, 7, 3666251
List the prime factors of 1144419465.
3, 5, 7, 10899233
What are the prime factors of 1169777830?
2, 5, 13, 47, 191453
List the prime factors of 4245938379.
3, 19, 43, 71, 2711
What are the prime factors of 1989817104?
2, 3, 11, 19, 198347
List the prime factors of 4616873.
491, 9403
List the prime factors of 38522852.
2, 281, 34273
List the prime factors of 2321842426.
2, 37, 71, 457, 967
List the prime factors of 32922029.
7, 4703147
What are the prime factors of 255145871?
255145871
List the prime factors of 224541582.
2, 3, 19, 379, 5197
What are the prime factors of 15593890?
2, 5, 13, 119953
What are the prime factors of 406646169?
3, 37, 167, 21937
List the prime factors of 426785502.
2, 3, 11, 13, 83, 461
List the prime factors of 56953081.
56953081
What are the prime factors of 2841531327?
3, 5653, 18617
List the prime factors of 246262746.
2, 3, 41043791
What are the prime factors of 113146574?
2, 29, 1950803
List the prime factors of 457605553.
8863, 51631
What are the prime factors of 157419816?
2, 3, 6559159
List the prime factors of 6241352253.
3, 2080450751
What are the prime factors of 2400613986?
2, 3, 400102331
List the prime factors of 422225585.
5, 41, 2059637
List the prime factors of 595318465.
5, 7, 113, 150523
What are the prime factors of 3766753122?
2, 3, 11, 487, 117191
What are the prime factors of 360533482?
2, 89, 233, 8693
What are the prime factors of 53449068?
2, 3, 107, 41627
List the prime factors of 13111277.
29, 113, 4001
What are the prime factors of 2212260486?
2, 3, 4909, 75109
What are the prime factors of 50705825?
5, 919, 2207
What are the prime factors of 2368197018?
2, 3, 11, 1097, 10903
What are the prime factors of 617700868?
2, 19, 383, 21221
List the prime factors of 1340196484.
2, 11, 2769001
What are the prime factors of 107241604?
2, 26810401
What are the prime factors of 17766339?
3, 5922113
List the prime factors of 68752144.
2, 89, 48281
List the prime factors of 3542492295.
3, 5, 31, 37, 68633
List the prime factors of 529278156.
2, 3, 11, 1336561
List the prime factors of 1402202793.
3, 19, 107, 149, 1543
What are the prime factors of 149902096?
2, 19, 37, 13327
What are the prime factors of 38436581?
79, 486539
List the prime factors of 4012943436.
2, 3, 131, 523, 1627
List the prime factors of 2060841.
3, 686947
List the prime factors of 390463008.
2, 3, 13, 41, 587
What are the prime factors of 232941378?
2, 3, 17, 23, 31, 3203
List the prime factors of 938688815.
5, 5801, 32363
What are the prime factors of 55829722?
2, 13, 2147297
List the prime factors of 2478812558.
2, 37, 3583, 9349
What are the prime factors of 65036459?
53, 1227103
List the prime factors of 36161771.
17, 2127163
What are the prime factors of 1168936047?
3, 1627, 79829
List the prime factors of 2941827461.
2941827461
What are the prime factors of 1782966869?
1782966869
List the prime factors of 54841353.
3, 7, 19, 137447
List the prime factors of 252960258.
2, 3, 59, 714577
What are the prime factors of 1508655?
3, 5, 43, 2339
List the prime factors of 969844710.
2, 3, 5, 32328157
What are the prime factors of 558017876?
2, 13, 10731113
What are the prime factors of 189620286?
2, 3, 31603381
What are the prime factors of 9179075?
5, 367163
What are the prime factors of 479992387?
7, 79, 123997
What are the prime factors of 47444497?
47444497
What are the prime factors of 146696286?
2, 3, 11, 202061
What are the prime factors of 775843177?
29, 131, 443, 461
List the prime factors of 216767842.
2, 108383921
What are the prime factors of 957727029?
3, 7, 45606049
What are the prime factors of 906468236?
2, 226617059
List the prime factors of 8363016.
2, 3, 41, 2833
List the prime factors of 794173120.
2, 5, 13, 29, 227
What are the prime factors of 28093633?
28093633
What are the prime factors of 123409264?
2, 11, 31, 22619
What are the prime factors of 3996775438?
2, 19, 43, 751, 3257
List the prime factors of 630150327.
3, 23338901
List the prime factors of 959339210.
2, 5, 95933921
List the prime factors of 668549417.
547, 787, 1553
List the prime factors of 125550614.
2, 7, 83, 103, 1049
List the prime factors of 123311971.
2707, 45553
List the prime factors of 453832813.
7, 41, 1581299
List the prime factors of 537122890.
2, 5, 43, 199, 6277
What are the prime factors of 25349567?
17, 29, 51419
What are the prime factors of 655486722?
2, 3, 11, 47, 53, 443
What are the prime factors of 8772706708?
2, 3323, 659999
What are the prime factors of 1376344458?
2, 3, 19, 4024399
List the prime factors of 4940151291.
3, 548905699
List the prime factors of 511272299.
511272299
List the prime factors of 62952636.
2, 3, 5246053
What are the prime factors of 983956656?
2, 3, 47, 436151
List the prime factors of 6544971181.
7, 37, 3761, 6719
What are the prime factors of 760085544?
2, 3, 43, 79, 9323
List the prime factors of 90909965.
5, 17, 19, 181, 311
What are the prime factors of 374465369?
23, 16281103
List the prime factors of 223025884.
2, 55756471
What are the prime factors of 409314749?
83, 1259, 3917
List the prime factors of 506189688.
2, 3, 17, 967, 1283
What are the prime factors of 101305954?
2, 31, 1633967
List the prime factors of 144993571.
144993571
What are the prime factors of 39656857?
19, 2087203
What are the prime factors of 161296935?
3, 5, 17, 97, 6521
What are the prime factors of 2735064055?
5, 1373, 398407
What are the prime factors of 5324047140?
2, 3, 5, 149, 197, 3023
List the prime factors of 2189325305.
5, 437865061
What are the prime factors of 4144471846?
2, 53, 113, 179, 1933
List the prime factors of 3309610911.
3, 79, 13964603
What are the prime factors of 80376195?
3, 5, 41, 130693
What are the prime factors of 1057263266?
2, 29, 18228677
List the prime factors of 422612767.
47, 8991761
List the pr